t of 264679?
4
What is the hundreds digit of 768156?
1
What is the hundred thousands digit of 1702230?
7
What is the hundreds digit of 95856?
8
What is the tens digit of 100711?
1
What is the thousands digit of 26861751?
1
What is the tens digit of 17361470?
7
What is the tens digit of 372023?
2
What is the tens digit of 551375?
7
What is the millions digit of 1611365?
1
What is the ten millions digit of 37036552?
3
What is the hundreds digit of 2377827?
8
What is the units digit of 3694151?
1
What is the thousands digit of 2225110?
5
What is the millions digit of 7349914?
7
What is the hundred thousands digit of 2462362?
4
What is the millions digit of 12265741?
2
What is the hundred thousands digit of 539882?
5
What is the thousands digit of 5820137?
0
What is the hundreds digit of 3481357?
3
What is the thousands digit of 77762?
7
What is the hundred thousands digit of 831881?
8
What is the hundreds digit of 24164531?
5
What is the tens digit of 1007544?
4
What is the tens digit of 556117?
1
What is the hundreds digit of 9236633?
6
What is the ten thousands digit of 13513?
1
What is the units digit of 12540966?
6
What is the tens digit of 209714?
1
What is the hundred thousands digit of 491575?
4
What is the hundreds digit of 35598174?
1
What is the ten millions digit of 14929608?
1
What is the hundred thousands digit of 28389172?
3
What is the hundred thousands digit of 4047484?
0
What is the tens digit of 465210?
1
What is the tens digit of 4203?
0
What is the hundred thousands digit of 2519039?
5
What is the ten thousands digit of 3966365?
6
What is the units digit of 340785?
5
What is the ten thousands digit of 5646487?
4
What is the ten thousands digit of 1163190?
6
What is the tens digit of 75442?
4
What is the thousands digit of 105645?
5
What is the millions digit of 2578946?
2
What is the tens digit of 13647631?
3
What is the hundreds digit of 1423964?
9
What is the tens digit of 201070?
7
What is the ten thousands digit of 12635631?
3
What is the ten thousands digit of 574814?
7
What is the hundreds digit of 29897217?
2
What is the hundreds digit of 9233226?
2
What is the millions digit of 3069826?
3
What is the tens digit of 743506?
0
What is the millions digit of 17546650?
7
What is the thousands digit of 152268?
2
What is the units digit of 93477?
7
What is the units digit of 65504?
4
What is the hundreds digit of 5542713?
7
What is the tens digit of 111003?
0
What is the thousands digit of 7109824?
9
What is the hundred thousands digit of 207590?
2
What is the thousands digit of 1281599?
1
What is the hundred thousands digit of 1147463?
1
What is the hundreds digit of 9361638?
6
What is the units digit of 2240783?
3
What is the thousands digit of 494064?
4
What is the ten thousands digit of 1183089?
8
What is the hundred thousands digit of 283852?
2
What is the hundreds digit of 3685689?
6
What is the tens digit of 3330866?
6
What is the millions digit of 1726801?
1
What is the thousands digit of 685550?
5
What is the millions digit of 1474819?
1
What is the thousands digit of 6616779?
6
What is the hundred thousands digit of 2848381?
8
What is the tens digit of 174274?
7
What is the thousands digit of 2047542?
7
What is the millions digit of 2349029?
2
What is the ten thousands digit of 13294?
1
What is the hundred thousands digit of 18312030?
3
What is the thousands digit of 2679307?
9
What is the hundred thousands digit of 225128?
2
What is the thousands digit of 7803345?
3
What is the units digit of 1012535?
5
What is the hundreds digit of 1952005?
0
What is the ten thousands digit of 1113578?
1
What is the hundreds digit of 246918?
9
What is the thousands digit of 659585?
9
What is the tens digit of 583334?
3
What is the ten thousands digit of 8968342?
6
What is the thousands digit of 5759389?
9
What is the millions digit of 28143390?
8
What is the millions digit of 1918128?
1
What is the units digit of 290905?
5
What is the units digit of 2486670?
0
What is the ten millions digit of 38134766?
3
What is the thousands digit of 2095994?
5
What is the hundreds digit of 9154322?
3
What is the tens digit of 192439?
3
What is the units digit of 152338?
8
What is the ten thousands digit of 12669298?
6
What is the thousands digit of 9049863?
9
What is the tens digit of 158541?
4
What is the ten thousands digit of 31936?
3
What is the tens digit of 973200?
0
What is the thousands digit of 9908105?
8
What is the thousands digit of 626515?
6
What is the hundred thousands digit of 454842?
4
What is the units digit of 378164?
4
What is the hundreds digit of 408514?
5
What is the hundreds digit of 3762603?
6
What is the units digit of 36380?
0
What is the hundred thousands digit of 1089972?
0
What is the units digit of 21140324?
4
What is the units digit of 438537?
7
What is the thousands digit of 4741719?
1
What is the hundred thousands digit of 2376836?
3
What is the tens digit of 31050?
5
What is the thousands digit of 237781?
7
What is the hundred thousands digit of 25796725?
7
What is the tens digit of 71865?
6
What is the hundred thousands digit of 14516496?
5
What is the tens digit of 3303666?
6
What is the ten thousands digit of 2896502?
9
What is the hundreds digit of 4384717?
7
What is the thousands digit of 10686968?
6
What is the hundreds digit of 15569995?
9
What is the thousands digit of 8451163?
1
What is the hundreds digit of 69540?
5
What is the thousands digit of 281321?
1
What is the thousands digit of 370083?
0
What is the millions digit of 24761306?
4
What is the units digit of 154819?
9
What is the units digit of 2969801?
1
What is the hundred thousands digit of 402700?
4
What is the hundred thousands digit of 5734397?
7
What is the thousands digit of 330768?
0
What is the ten thousands digit of 658528?
5
What is the hundreds digit of 1232103?
1
What is the tens digit of 1836185?
8
What is the ten thousands digit of 2223122?
2
What is the ten thousands digit of 836704?
3
What is the ten thousands digit of 271116?
7
What is the ten thousands digit of 15491138?
9
What is the units digit of 113518?
8
What is the units digit of 4251752?
2
What is the tens digit of 390430?
3
What is the hundreds digit of 280477?
4
What is the tens digit of 1380177?
7
What is the tens digit of 36198?
9
What is the millions digit of 9400433?
9
What is the hundreds digit of 1546836?
8
What is the thousands digit of 4708465?
8
What is the ten millions digit of 28229737?
2
What is the tens digit of 209310?
1
What is the hundred thousands digit of 867735?
8
What is the units digit of 5402144?
4
What is the thousands digit of 2448793?
8
What is the hundreds digit of 12599474?
4
What is the millions digit of 6787783?
6
What is the millions digit of 1310122?
1
What is the hundreds digit of 3168842?
8
What is the hundred thousands digit of 1249227?
2
What is the hundred thousands digit of 5711116?
7
What is the ten thousands digit of 259823?
5
What is the ten thousands digit of 477887?
7
What is the ten thousands digit of 84042?
8
What is the thousands digit of 1507282?
7
What is the units digit of 4207294?
4
What is the units digit of 603379?
9
What is the ten thousands digit of 222236?
2
What is the thousands digit of 14357022?
7
What is the hundred thousands digit of 4425042?
4
What is the thousands digit of 807385?
7
What is the units digit of 5494384?
4
What is the thousands digit of 12153471?
3
What is the ten thousands digit of 172820?
7
What is the units digit of 6910926?
6
What is the thousands digit of 1987439?
7
What is the millions digit of 13556946?
3
What is the thousands digit of 996519?
6
What is the units digit of 2559464?
4
What is the ten thousands digit of 1512824?
1
What is the ten thousands digit of 636427?
3
What is the ten thousands digit of 1366224?
6
What is the ten thousands digit of 25945?
2
What is the thousands digit of 425976?
5
What is the hundreds digit of 223427?
4
What is the units digit of 154780?
0
What is the hundred thousands digit of 16758792?
7
What is the ten thousands digit of 1740669?
4
What is the tens digit of 1464666?
6
What is the thousands digit of 504206?
4
What is the tens digit of 313265?
6
What is the thousands digit of 223585?
3
What is the ten thousands digit of 3120587?
2
What is the m